ds digit of r?
8
Suppose 3*y = -5*u + 27 + 8, 4*y - 36 = 4*u. What is the units digit of (468 + -2)*(-1)/y*-5?
3
Suppose -3*o + 5*o - 5*i - 3 = 0, 0 = -2*i + 2. Suppose -o*l - 516 = -4*p, 8*l - 4*l = -8. What is the tens digit of p?
2
Let g be 20/(-15) + 4676/(-84). Let t be (1 + -3 - -3) + 0. Let d = t - g. What is the tens digit of d?
5
Let m be 4/(-10) + (-244)/(-10). Suppose 0 = -m*o + 623 + 8281. What is the units digit of o?
1
Suppose -p - 3*r = -19, -3*p + 5*p + 5*r - 41 = 0. Suppose 2*x - 27*o = -p*o + 107, 5 = -o. What is the units digit of x?
6
Suppose -f = 5*h - 5687, -89*f + 93*f = -h + 22843. What is the tens digit of f?
1
Suppose -5*x - 92 = -x. Let n(r) = -r**3 - 21*r**2 + 31*r + 3. Let t be n(x). Let k = t + -102. What is the hundreds digit of k?
2
Suppose -1508 - 332 = -5*x. Let a = x + -195. Let r = a + -37. What is the hundreds digit of r?
1
Suppose -8 = 2*g - 6, 0 = -h - 5*g + 1098. Suppose -11*x + h = -74. What is the tens digit of x?
0
Suppose -2105437 = -66*y - 597799. What is the hundreds digit of y?
8
Let q = 1842 - 982. Let r be q/(-14) + (-6)/(-14). Let o = r + 103. What is the tens digit of o?
4
Let h(c) = 2*c**3 + 1. Let i be h(-1). What is the tens digit of ((-1974)/21)/(-1 + i)?
4
Let c(w) = 135*w**2 + 15*w - 18. Suppose b - 5*b + 2*i - 32 = 0, -8 = 4*b + 4*i. Let v be c(b). What is the tens digit of 6/8 + v/64?
7
Let o(h) = h**3 + h**2 + h - 399. Suppose 0 = -2*g - 3*s - 9, g - 5*g - 9 = 3*s. Let p be o(g). Let w = -277 - p. What is the units digit of w?
2
Suppose 38 = -2*m + 4*h, 11 = -3*m - 4*h - 26. Let q be (m/(-6))/(2/4). Suppose c - d = 20, -q = d - 4. What is the tens digit of c?
1
Suppose 1426678 - 334366 = 52*q. What is the tens digit of q?
0
Let x = -37 - -47. Suppose x*p - 12*p = 2. Let t(d) = -82*d**3 - d**2 - d. What is the tens digit of t(p)?
8
Let w(h) = 13 - 8*h**2 + 6*h**2 - 5*h + 2*h + 3*h**2. Let g(q) = -q**2 - 20*q + 32. Let c be g(-22). What is the hundreds digit of w(c)?
1
Suppose 32857 = 53*d - 341747. What is the thousands digit of d?
7
Let n(o) = 2*o**3 + 10*o - 11. Let g be n(2). Suppose 1300 = -g*k + 27*k. What is the tens digit of k?
5
Let k be 16*(-3)/(-10) - 7/(-35). Let t be 61 + -2 + -2 + k. Suppose t*i + 678 = 65*i. What is the hundreds digit of i?
2
Let l(g) be the second derivative of g**4/4 + 5*g**3/6 - 2*g**2 - 38*g. Let q(x) = -x**3 - 13*x**2 - 12*x - 6. Let d be q(-12). What is the tens digit of l(d)?
7
Suppose 34*k - 25965 = 19*k. Suppose 43*t - 58383 = k. What is the thousands digit of t?
1
What is the units digit of (-16)/40*305*-83?
6
Suppose 8*r = 5*r + 399. Suppose -r*k = -120*k - 6955. What is the hundreds digit of k?
5
Let o(g) = 8*g**2 + 2*g - 2. Let y be o(1). Let n(f) = 690*f + f**3 - 1386*f - 4*f**2 - 9 + 693*f. What is the tens digit of n(y)?
2
Let x be 9 + 56/(-4) - 1535. Let m = -775 - x. What is the tens digit of m?
6
Let d(h) = -347*h + 1. Let l(v) = 345*v - 3. Let g(n) = 7*d(n) + 6*l(n). What is the units digit of g(-1)?
8
Suppose -3*d + 16 = 4. Let v(s) = 0*s**2 + 4*s**2 + 0 + s**3 - 3 - 89*s + 36*s + 44*s. What is the units digit of v(d)?
9
Suppose 0 = -4*a - 3*t + 8894, -12 = -3*t + 6. What is the tens digit of a?
1
Suppose 0 = 6*p - 2*p - 144. Suppose 0 = 24*u - 20*u + p. What is the tens digit of 147 + 12/u*9/(-6)?
4
Let g be 8/4 - 77462/(-11). Suppose g = 9*c + 3*c. What is the units digit of c?
7
Let g be 12/(-18) + 2/(-12)*-22. Suppose g*h + 18 = w, 2*w + 0*h = 5*h + 31. Suppose -237 = -a - 2*a + w*m, 2*a - 158 = m. What is the tens digit of a?
7
Let z(s) = -9*s + 6. Let h be z(3). Let p be h*(-1 + (-4)/(-6)). Let t = 4 + p. What is the tens digit of t?
1
Suppose -67*o + 70*o - 18114 = 0. What is the units digit of o?
8
Let f(g) = -12*g + 12. Let w(a) = a**3 - 9*a**2 + 11*a - 23. Let h be w(8). Let i be (-13)/(-65) + h/((-10)/162). What is the units digit of f(i)?
4
Suppose 31*l = 44*l + 44*l - 219108. What is the units digit of l?
4
Let h(o) = o**2 - 30*o + 216. Let l be h(18). Let z be (-25)/(-9) - 8/(-36). Suppose i - 5*q = 92, l = 2*i + 3*i + z*q - 404. What is the units digit of i?
2
Let y = 84 + -69. Suppose 10*g - 5*g = -y. What is the tens digit of (-1)/g - (-1402)/6?
3
Suppose 4*k + 5*j - 6971 = 0, -12*k + 5223 = -9*k + 2*j. Suppose 7*b + 185 - k = 0. What is the hundreds digit of b?
2
Let a(x) be the first derivative of 1/2*x**2 - x + 22 + 93/4*x**4 - 1/3*x**3. What is the units digit of a(1)?
2
Let i = -51 + 236. Suppose 0 = 4*m - 4*h - 1592, m = 5*h + i + 205. Suppose 7*q = 11*q - m. What is the hundreds digit of q?
1
Suppose -2800 = -s + 26815. Suppose 6531 = 31*d - s. What is the hundreds digit of d?
1
What is the tens digit of 630/(-378) - 784292/(-12)?
5
Suppose 541238 = 87*q - 23044. What is the units digit of q?
6
Let a(p) = p**2 + 4*p + 20. Let g be -2*((-54)/4 + 4). Let i = g - 13. What is the tens digit of a(i)?
8
Let v(m) = m**3 + 19*m**2 + 23*m - 2. Let h be v(-17). Suppose h*x = 196*x - 13332. What is the thousands digit of x?
1
Suppose -5*y + 9261 = 5*i - 7684, -3*y - 10179 = -3*i. What is the hundreds digit of i?
3
Suppose -v = 3*i - 3*v + 5, -2*i + 2*v - 4 = 0. Let u be (i - 42/(-4))*-2. What is the units digit of (-2)/(-2) + (-9 - u)?
1
Let p be 2/(3032/(-3028) - -1). Let f = -861 - p. What is the tens digit of f?
5
Let f = -26700 + 39692. What is the tens digit of f?
9
Let v(x) = 2*x**2 + 26*x + 402. What is the thousands digit of v(-47)?
3
Let s(w) = w - 11. Let c be s(9). Let t be 16/(-2) + (-2 + -6)/c. What is the tens digit of (t - -1)*(-38)/12*2?
1
Let q = 76 - 37. Let m = q - 33. Suppose -135 = 3*t - m*t. What is the units digit of t?
5
Suppose x + 0*m - 20 = -3*m, -5*x = -m - 20. Suppose 3*q + 362 = x*t, 0 = -2*q - q - 12. Suppose -7*u + t = -2*u. What is the units digit of u?
4
Suppose -3*z = 5*s - 2474, 4*z = 5*s + 6*z - 2476. Let g = 171 + s. What is the units digit of g?
7
Let a = 20615 + -11494. What is the hundreds digit of a?
1
Suppose 63 = 2*z + 4*i - 35, 0 = -z + i + 58. Let k be z/(-10)*-2*2. Suppose -4*v + k = -206. What is the tens digit of v?
5
Let s be (4/(-16)*-4)/(2/(-32)). Let o = s - -9. What is the units digit of (195/o)/(-3) - (-4)/(-14)?
9
Suppose 5*k - 4*b = -0*k + 21, -3*k - 2*b - 5 = 0. Let w be (k - -3)*-2 - -4. What is the tens digit of (-297)/w - 5/20?
7
Let n = 90566 + -58208. What is the thousands digit of n?
2
Let f(w) = -5*w - 3*w + w + 11 + 8*w. Let j be f(-11). Suppose 4*l - 36 = -5*r + r, 4*l - 5*r - 36 = j. What is the units digit of l?
9
Suppose 5*q - 26 = 4. What is the units digit of 2289/q + (7/(-2))/7?
1
Let t = -4748 + 27907. What is the tens digit of t?
5
What is the tens digit of 90/(-48) - 983016/(-192)?
1
Suppose -2*c + 357 = 353. Let z = 41 - c. What is the units digit of z?
9
Suppose -5*j - 59 = -3*v, -3*v + 4*v - 5*j - 13 = 0. Suppose -9207 = 12*a - v*a. What is the units digit of a?
7
Let u(c) = 1 + 50*c + 44*c + c**3 - 96*c. Let p be u(1). Suppose p*s - 302 = -4*s - 2*k, s = 5*k + 103. What is the units digit of s?
8
Suppose -51*v = -54*v - 2652. Let i = -387 - v. What is the tens digit of i?
9
Suppose -11 - 6 = -3*g + 5*v, 4*g = -4*v + 12. Suppose 5*w - 7520 = -9*z + 14*z, -g*w + 5986 = 2*z. What is the hundreds digit of w?
4
Suppose -8789*j + 8742*j = -1967044. What is the thousands digit of j?
1
Let c(d) = -d**3 + 19*d**2 - 7*d - 76. Suppose 3*n - j - 57 = 0, -7*n + 9*n - 5*j = 51. What is the hundreds digit of c(n)?
1
What is the thousands digit of (-1 - 68)*(40/(-100) + 2307/(-45))?
3
Suppose -2*i + 906 = -2*r, -5*r + 702 = 2*i - 218. What is the tens digit of i?
5
Let t(o) be the third derivative of o**4/4 - 23*o**3/6 + 56*o**2. Let l(q) = -4*q. Let y be l(-1). What is the units digit of t(y)?
1
Suppose 16*t = 17*t + c - 845, 0 = -2*t + 3*c + 1675. Suppose -4*f + 1696 = -0*f + 4*m, 2*f - t = m. What is the tens digit of f?
2
Let f be (3 - 25/8) + (-249)/(-8). What is the units digit of f/186 - 5062/(-12)?
2
Suppose 4*u - h = 6*u + 25, -5*h = 5*u + 75. Let w(x) = x**2 + 10*x - 13. Let r be w(u). Let a = r + 68. What is the tens digit of a?
5
Suppose -284*y = -288*y + 56128. What is the thousands digit of y?
4
Let k(f) = -2*f - 4 - 8*f - 5*f + 18*f**2 + 12 - f**3. What is the tens digit of k(14)?
8
Let i(a) = 8*a + 21. Let q be i(0). Suppose -q*x = -24*x 